{"id":164,"date":"2024-07-29T12:15:22","date_gmt":"2024-07-29T15:15:22","guid":{"rendered":"https:\/\/robledoabog.com\/?page_id=164"},"modified":"2024-09-16T21:01:52","modified_gmt":"2024-09-17T00:01:52","slug":"nosotros","status":"publish","type":"page","link":"https:\/\/robledoabog.com\/?page_id=164","title":{"rendered":"Nosotros"},"content":{"rendered":"\t\t<div data-elementor-type=\"wp-page\" data-elementor-id=\"164\" class=\"elementor elementor-164\">\n\t\t\t\t<div class=\"elementor-element elementor-element-6b83a1ff e-flex e-con-boxed e-con e-parent\" data-id=\"6b83a1ff\" data-element_type=\"container\">\n\t\t\t\t\t<div class=\"e-con-inner\">\n\t\t\t\t<div class=\"elementor-element elementor-element-73e3985b elementor-widget elementor-widget-text-editor\" data-id=\"73e3985b\" data-element_type=\"widget\" data-widget_type=\"text-editor.default\">\n\t\t\t\t<div class=\"elementor-widget-container\">\n\t\t\t<style>\/*! elementor - v3.23.0 - 25-07-2024 *\/\n.elementor-widget-text-editor.elementor-drop-cap-view-stacked .elementor-drop-cap{background-color:#69727d;color:#fff}.elementor-widget-text-editor.elementor-drop-cap-view-framed .elementor-drop-cap{color:#69727d;border:3px solid;background-color:transparent}.elementor-widget-text-editor:not(.elementor-drop-cap-view-default) .elementor-drop-cap{margin-top:8px}.elementor-widget-text-editor:not(.elementor-drop-cap-view-default) .elementor-drop-cap-letter{width:1em;height:1em}.elementor-widget-text-editor .elementor-drop-cap{float:left;text-align:center;line-height:1;font-size:50px}.elementor-widget-text-editor .elementor-drop-cap-letter{display:inline-block}<\/style>\t\t\t\t<!-- wp:fl-builder\/layout \/-->\t\t\t\t\t\t<\/div>\n\t\t\t\t<\/div>\n\t\t\t\t\t<\/div>\n\t\t\t\t<\/div>\n\t\t<div class=\"elementor-element elementor-element-15cbb50 e-flex e-con-boxed e-con e-parent\" data-id=\"15cbb50\" data-element_type=\"container\">\n\t\t\t\t\t<div class=\"e-con-inner\">\n\t\t\t\t<div class=\"elementor-element elementor-element-481fce2 elementor-widget elementor-widget-heading\" data-id=\"481fce2\" data-element_type=\"widget\" data-widget_type=\"heading.default\">\n\t\t\t\t<div class=\"elementor-widget-container\">\n\t\t\t<style>\/*! elementor - v3.23.0 - 25-07-2024 *\/\n.elementor-heading-title{padding:0;margin:0;line-height:1}.elementor-widget-heading .elementor-heading-title[class*=elementor-size-]>a{color:inherit;font-size:inherit;line-height:inherit}.elementor-widget-heading .elementor-heading-title.elementor-size-small{font-size:15px}.elementor-widget-heading .elementor-heading-title.elementor-size-medium{font-size:19px}.elementor-widget-heading .elementor-heading-title.elementor-size-large{font-size:29px}.elementor-widget-heading .elementor-heading-title.elementor-size-xl{font-size:39px}.elementor-widget-heading .elementor-heading-title.elementor-size-xxl{font-size:59px}<\/style><h5 class=\"elementor-heading-title elementor-size-default\">Profesionales con 24 a\u00f1os en el ejercicio de la profesi\u00f3n en el sector p\u00fablico y privado. En los \u00faltimos 6 a\u00f1os prestando asesoramiento legal en el Sector Minero. <\/h5>\t\t<\/div>\n\t\t\t\t<\/div>\n\t\t\t\t\t<\/div>\n\t\t\t\t<\/div>\n\t\t<div class=\"elementor-element elementor-element-54fc6b9 e-flex e-con-boxed e-con e-parent\" data-id=\"54fc6b9\" data-element_type=\"container\">\n\t\t\t\t\t<div class=\"e-con-inner\">\n\t\t<div class=\"elementor-element elementor-element-4945f43 e-con-full e-flex e-con e-child\" data-id=\"4945f43\" data-element_type=\"container\">\n\t\t\t\t<div class=\"elementor-element elementor-element-1081752 elementor-widget elementor-widget-image\" data-id=\"1081752\" data-element_type=\"widget\" data-widget_type=\"image.default\">\n\t\t\t\t<div class=\"elementor-widget-container\">\n\t\t\t<style>\/*! elementor - v3.23.0 - 25-07-2024 *\/\n.elementor-widget-image{text-align:center}.elementor-widget-image a{display:inline-block}.elementor-widget-image a img[src$=\".svg\"]{width:48px}.elementor-widget-image img{vertical-align:middle;display:inline-block}<\/style>\t\t\t\t\t\t\t\t\t\t<img fetchpriority=\"high\" decoding=\"async\" width=\"622\" height=\"685\" src=\"https:\/\/robledoabog.com\/wp-content\/uploads\/2024\/08\/WhatsApp-Image-2024-08-05-at-09.51.34.jpeg\" class=\"attachment-large size-large wp-image-383\" alt=\"\" srcset=\"https:\/\/robledoabog.com\/wp-content\/uploads\/2024\/08\/WhatsApp-Image-2024-08-05-at-09.51.34.jpeg 622w, https:\/\/robledoabog.com\/wp-content\/uploads\/2024\/08\/WhatsApp-Image-2024-08-05-at-09.51.34-272x300.jpeg 272w\" sizes=\"(max-width: 622px) 100vw, 622px\" \/>\t\t\t\t\t\t\t\t\t\t\t\t\t<\/div>\n\t\t\t\t<\/div>\n\t\t\t\t<div class=\"elementor-element elementor-element-496e889 elementor-widget elementor-widget-heading\" data-id=\"496e889\" data-element_type=\"widget\" data-widget_type=\"heading.default\">\n\t\t\t\t<div class=\"elementor-widget-container\">\n\t\t\t<h6 class=\"elementor-heading-title elementor-size-default\">LUIS ARMANDO ROBLEDO  <\/h6>\t\t<\/div>\n\t\t\t\t<\/div>\n\t\t\t\t<div class=\"elementor-element elementor-element-c6936a8 elementor-widget elementor-widget-text-editor\" data-id=\"c6936a8\" data-element_type=\"widget\" data-widget_type=\"text-editor.default\">\n\t\t\t\t<div class=\"elementor-widget-container\">\n\t\t\t\t\t\t\t<h6>\u00a0 \u00a0 \u00a0 \u00a0 \u00a0 \u00a0 \u00a0 \u00a0 \u00a0 \u00a0 \u00a0 \u00a0 \u00a0<span style=\"color: #000000;\">ABOGADO<\/span><\/h6>\n<ul>\n<li><span style=\"color: #000000;\">\u00a0Egresado de la Universidad Nacional de C\u00f3rdoba<\/span><\/li>\n<li><span style=\"color: #000000;\">Actualmente en la Diplomatura de Gesti\u00f3n de Operaciones Mineras de la Universidad Austral de Buenos Aires \u2013 A\u00f1o 2024<\/span><\/li>\n<li><span style=\"color: #000000;\">Abogado Asesor de la Fiscal\u00eda de Estado de la Provincia de Catamarca desde el a\u00f1o 2002 \u2013 Sector Publico<\/span><\/li>\n<li><span style=\"color: #000000;\">Abogado Asesor del Sindicato Obrero de la Industria del Vestido y Afines (SOIVA) \u2013 Catamarca \u2013 Sector Privado<\/span><\/li>\n<li><span style=\"color: #000000;\">Ex Abogado Asesor de la Federaci\u00f3n Obrera Ceramista de la Rep\u00fablica Argentina (F.O.C.R.A.)-Filial 8 \u2013 Sector Privado<\/span><\/li>\n<li><span style=\"color: #000000;\">Ex Abogado Asesor de la Asociaci\u00f3n Obrera Minera Argentina (A.O.M.A.)-Seccional Catamarca \u2013 Sector Privado<\/span><\/li>\n<li><span style=\"color: #000000;\">Abogado Asesor de Empresas y Particulares del Sector Minero<\/span><\/li>\n<\/ul>\t\t\t\t\t\t<\/div>\n\t\t\t\t<\/div>\n\t\t\t\t<\/div>\n\t\t\t\t<div class=\"elementor-element elementor-element-746b11f elementor-widget elementor-widget-spacer\" data-id=\"746b11f\" data-element_type=\"widget\" data-widget_type=\"spacer.default\">\n\t\t\t\t<div class=\"elementor-widget-container\">\n\t\t\t<style>\/*! elementor - v3.23.0 - 25-07-2024 *\/\n.elementor-column .elementor-spacer-inner{height:var(--spacer-size)}.e-con{--container-widget-width:100%}.e-con-inner>.elementor-widget-spacer,.e-con>.elementor-widget-spacer{width:var(--container-widget-width,var(--spacer-size));--align-self:var(--container-widget-align-self,initial);--flex-shrink:0}.e-con-inner>.elementor-widget-spacer>.elementor-widget-container,.e-con>.elementor-widget-spacer>.elementor-widget-container{height:100%;width:100%}.e-con-inner>.elementor-widget-spacer>.elementor-widget-container>.elementor-spacer,.e-con>.elementor-widget-spacer>.elementor-widget-container>.elementor-spacer{height:100%}.e-con-inner>.elementor-widget-spacer>.elementor-widget-container>.elementor-spacer>.elementor-spacer-inner,.e-con>.elementor-widget-spacer>.elementor-widget-container>.elementor-spacer>.elementor-spacer-inner{height:var(--container-widget-height,var(--spacer-size))}.e-con-inner>.elementor-widget-spacer.elementor-widget-empty,.e-con>.elementor-widget-spacer.elementor-widget-empty{position:relative;min-height:22px;min-width:22px}.e-con-inner>.elementor-widget-spacer.elementor-widget-empty .elementor-widget-empty-icon,.e-con>.elementor-widget-spacer.elementor-widget-empty .elementor-widget-empty-icon{position:absolute;top:0;bottom:0;left:0;right:0;margin:auto;padding:0;width:22px;height:22px}<\/style>\t\t<div class=\"elementor-spacer\">\n\t\t\t<div class=\"elementor-spacer-inner\"><\/div>\n\t\t<\/div>\n\t\t\t\t<\/div>\n\t\t\t\t<\/div>\n\t\t<div class=\"elementor-element elementor-element-924d8d1 e-con-full e-flex e-con e-child\" data-id=\"924d8d1\" data-element_type=\"container\">\n\t\t\t\t<div class=\"elementor-element elementor-element-21a5ed0 elementor-widget__width-initial elementor-widget elementor-widget-image\" data-id=\"21a5ed0\" data-element_type=\"widget\" data-widget_type=\"image.default\">\n\t\t\t\t<div class=\"elementor-widget-container\">\n\t\t\t\t\t\t\t\t\t\t\t\t\t<img decoding=\"async\" width=\"750\" height=\"715\" src=\"https:\/\/robledoabog.com\/wp-content\/uploads\/2024\/08\/WhatsApp-Image-2024-08-05-at-09.51.14-1024x976.jpeg\" class=\"attachment-large size-large wp-image-384\" alt=\"\" srcset=\"https:\/\/robledoabog.com\/wp-content\/uploads\/2024\/08\/WhatsApp-Image-2024-08-05-at-09.51.14-1024x976.jpeg 1024w, https:\/\/robledoabog.com\/wp-content\/uploads\/2024\/08\/WhatsApp-Image-2024-08-05-at-09.51.14-300x286.jpeg 300w, https:\/\/robledoabog.com\/wp-content\/uploads\/2024\/08\/WhatsApp-Image-2024-08-05-at-09.51.14-768x732.jpeg 768w, https:\/\/robledoabog.com\/wp-content\/uploads\/2024\/08\/WhatsApp-Image-2024-08-05-at-09.51.14.jpeg 1201w\" sizes=\"(max-width: 750px) 100vw, 750px\" \/>\t\t\t\t\t\t\t\t\t\t\t\t\t<\/div>\n\t\t\t\t<\/div>\n\t\t\t\t<div class=\"elementor-element elementor-element-ee7c2ed elementor-widget elementor-widget-heading\" data-id=\"ee7c2ed\" data-element_type=\"widget\" data-widget_type=\"heading.default\">\n\t\t\t\t<div class=\"elementor-widget-container\">\n\t\t\t<h6 class=\"elementor-heading-title elementor-size-default\">LEANDRO MARCELO ROBLEDO  <\/h6>\t\t<\/div>\n\t\t\t\t<\/div>\n\t\t\t\t<div class=\"elementor-element elementor-element-c095aa2 elementor-widget elementor-widget-text-editor\" data-id=\"c095aa2\" data-element_type=\"widget\" data-widget_type=\"text-editor.default\">\n\t\t\t\t<div class=\"elementor-widget-container\">\n\t\t\t\t\t\t\t<h6>\u00a0 \u00a0 \u00a0 \u00a0 \u00a0 \u00a0 \u00a0 \u00a0 \u00a0 <span style=\"color: #000000;\">\u00a0 \u00a0 \u00a0 \u00a0ABOGADO<\/span><\/h6>\n<ul>\n<li><span style=\"color: #000000;\">Egresado de la Universidad Nacional de C\u00f3rdoba<\/span><\/li>\n<li><span style=\"color: #000000;\">Ex Director Jur\u00eddico y T\u00e9cnico del Ministerio de Planificaci\u00f3n y Modernizaci\u00f3n de la Provincia de Catamarca periodo 2019\/2022 \u2013 Sector Publico<\/span><\/li>\n<li><span style=\"color: #000000;\">Ex Abogado Asesor de Catamarca Mining y Energ\u00e9tica Sociedad del Estado (CAMYEN S.E.) periodo 2022\/2023 \u2013 Sector Publico\/Privado<\/span><\/li>\n<li><span style=\"color: #000000;\">Ex Abogado Asesor de la C\u00e1mara de Senadores de la Provincia de Catamarca periodo 2021\/2023 \u2013 Sector Publico<\/span><\/li>\n<li><span style=\"color: #000000;\">Abogado Asesor de Empresas y Particulares del Sector Minero<\/span><\/li>\n<\/ul>\t\t\t\t\t\t<\/div>\n\t\t\t\t<\/div>\n\t\t\t\t<\/div>\n\t\t\t\t\t<\/div>\n\t\t\t\t<\/div>\n\t\t<div class=\"elementor-element elementor-element-902924c e-flex e-con-boxed e-con e-parent\" data-id=\"902924c\" data-element_type=\"container\">\n\t\t\t\t\t<div class=\"e-con-inner\">\n\t\t\t\t<div class=\"elementor-element elementor-element-0bb8c1d elementor-widget elementor-widget-spacer\" data-id=\"0bb8c1d\" data-element_type=\"widget\" data-widget_type=\"spacer.default\">\n\t\t\t\t<div class=\"elementor-widget-container\">\n\t\t\t\t\t<div class=\"elementor-spacer\">\n\t\t\t<div class=\"elementor-spacer-inner\"><\/div>\n\t\t<\/div>\n\t\t\t\t<\/div>\n\t\t\t\t<\/div>\n\t\t\t\t<div class=\"elementor-element elementor-element-1e374ae elementor-widget elementor-widget-heading\" data-id=\"1e374ae\" data-element_type=\"widget\" data-widget_type=\"heading.default\">\n\t\t\t\t<div class=\"elementor-widget-container\">\n\t\t\t<h5 class=\"elementor-heading-title elementor-size-default\">Nuestro Perfil Profesional<\/h5>\t\t<\/div>\n\t\t\t\t<\/div>\n\t\t\t\t<div class=\"elementor-element elementor-element-7a09409 elementor-widget elementor-widget-text-editor\" data-id=\"7a09409\" data-element_type=\"widget\" data-widget_type=\"text-editor.default\">\n\t\t\t\t<div class=\"elementor-widget-container\">\n\t\t\t\t\t\t\t<ul>\n<li><span style=\"color: #000000;\">M\u00e1ximo compromiso profesional con nuestros clientes.<\/span><\/li>\n<li><span style=\"color: #000000;\">Relaci\u00f3n directa con autoridades nacionales, provinciales y municipales, adem\u00e1s de numerosos contactos comerciales.<\/span><\/li>\n<li><span style=\"color: #000000;\">Proactivos: Generaci\u00f3n de Negocios, Asesor\u00eda en la prevenci\u00f3n del riesgo mediante estrategias legales y comerciales.<\/span><\/li>\n<li><span style=\"color: #000000;\">Elaboraci\u00f3n de proyectos normativos.<\/span><\/li>\n<li><span style=\"color: #000000;\">Conocimiento de la realidad, in situ, del sistema operativo de la actividad minera y del \u00e1rea de influencia del proyecto.<\/span><\/li>\n<li><span style=\"color: #000000;\">Alto compromiso con el inversionista minero.<\/span><\/li>\n<li><span style=\"color: #000000;\">Trabajo en equipo con ge\u00f3logos e hidroge\u00f3logos y dem\u00e1s proveedores de servicios del\u00a0 Sector Minero<\/span><\/li>\n<\/ul>\t\t\t\t\t\t<\/div>\n\t\t\t\t<\/div>\n\t\t\t\t<div class=\"elementor-element elementor-element-2498a1b elementor-widget elementor-widget-heading\" data-id=\"2498a1b\" data-element_type=\"widget\" data-widget_type=\"heading.default\">\n\t\t\t\t<div class=\"elementor-widget-container\">\n\t\t\t<h5 class=\"elementor-heading-title elementor-size-default\">Nuestros Clientes<\/h5>\t\t<\/div>\n\t\t\t\t<\/div>\n\t\t<div class=\"elementor-element elementor-element-12341d3 e-grid e-con-full e-con e-child\" data-id=\"12341d3\" data-element_type=\"container\">\n\t\t\t\t<div class=\"elementor-element elementor-element-eb10aa1 elementor-widget elementor-widget-image\" data-id=\"eb10aa1\" data-element_type=\"widget\" data-widget_type=\"image.default\">\n\t\t\t\t<div class=\"elementor-widget-container\">\n\t\t\t\t\t\t\t\t\t\t\t\t\t<img decoding=\"async\" width=\"350\" height=\"350\" src=\"https:\/\/robledoabog.com\/wp-content\/uploads\/2024\/09\/WhatsApp-Image-2024-08-22-at-20.56.09-copia.jpeg\" class=\"attachment-large size-large wp-image-1120\" alt=\"\" srcset=\"https:\/\/robledoabog.com\/wp-content\/uploads\/2024\/09\/WhatsApp-Image-2024-08-22-at-20.56.09-copia.jpeg 350w, https:\/\/robledoabog.com\/wp-content\/uploads\/2024\/09\/WhatsApp-Image-2024-08-22-at-20.56.09-copia-300x300.jpeg 300w, https:\/\/robledoabog.com\/wp-content\/uploads\/2024\/09\/WhatsApp-Image-2024-08-22-at-20.56.09-copia-150x150.jpeg 150w\" sizes=\"(max-width: 350px) 100vw, 350px\" \/>\t\t\t\t\t\t\t\t\t\t\t\t\t<\/div>\n\t\t\t\t<\/div>\n\t\t\t\t<div class=\"elementor-element elementor-element-443175b elementor-widget elementor-widget-image\" data-id=\"443175b\" data-element_type=\"widget\" data-widget_type=\"image.default\">\n\t\t\t\t<div class=\"elementor-widget-container\">\n\t\t\t\t\t\t\t\t\t\t\t\t\t<img loading=\"lazy\" decoding=\"async\" width=\"686\" height=\"515\" src=\"https:\/\/robledoabog.com\/wp-content\/uploads\/2024\/09\/WhatsApp-Image-2024-08-22-at-20.56.31.jpeg\" class=\"attachment-large size-large wp-image-1107\" alt=\"\" srcset=\"https:\/\/robledoabog.com\/wp-content\/uploads\/2024\/09\/WhatsApp-Image-2024-08-22-at-20.56.31.jpeg 686w, https:\/\/robledoabog.com\/wp-content\/uploads\/2024\/09\/WhatsApp-Image-2024-08-22-at-20.56.31-300x225.jpeg 300w\" sizes=\"(max-width: 686px) 100vw, 686px\" \/>\t\t\t\t\t\t\t\t\t\t\t\t\t<\/div>\n\t\t\t\t<\/div>\n\t\t\t\t<div class=\"elementor-element elementor-element-2ab09cb elementor-widget elementor-widget-image\" data-id=\"2ab09cb\" data-element_type=\"widget\" data-widget_type=\"image.default\">\n\t\t\t\t<div class=\"elementor-widget-container\">\n\t\t\t\t\t\t\t\t\t\t\t\t\t<img loading=\"lazy\" decoding=\"async\" width=\"415\" height=\"256\" src=\"https:\/\/robledoabog.com\/wp-content\/uploads\/2024\/09\/WhatsApp-Image-2024-08-22-at-20.56.31-3.jpeg\" class=\"attachment-large size-large wp-image-1104\" alt=\"\" srcset=\"https:\/\/robledoabog.com\/wp-content\/uploads\/2024\/09\/WhatsApp-Image-2024-08-22-at-20.56.31-3.jpeg 415w, https:\/\/robledoabog.com\/wp-content\/uploads\/2024\/09\/WhatsApp-Image-2024-08-22-at-20.56.31-3-300x185.jpeg 300w\" sizes=\"(max-width: 415px) 100vw, 415px\" \/>\t\t\t\t\t\t\t\t\t\t\t\t\t<\/div>\n\t\t\t\t<\/div>\n\t\t\t\t<div class=\"elementor-element elementor-element-a10754a elementor-widget elementor-widget-image\" data-id=\"a10754a\" data-element_type=\"widget\" data-widget_type=\"image.default\">\n\t\t\t\t<div class=\"elementor-widget-container\">\n\t\t\t\t\t\t\t\t\t\t\t\t\t<img loading=\"lazy\" decoding=\"async\" width=\"353\" height=\"191\" src=\"https:\/\/robledoabog.com\/wp-content\/uploads\/2024\/09\/WhatsApp-Image-2024-08-22-at-20.56.31-1.jpeg\" class=\"attachment-large size-large wp-image-1106\" alt=\"\" srcset=\"https:\/\/robledoabog.com\/wp-content\/uploads\/2024\/09\/WhatsApp-Image-2024-08-22-at-20.56.31-1.jpeg 353w, https:\/\/robledoabog.com\/wp-content\/uploads\/2024\/09\/WhatsApp-Image-2024-08-22-at-20.56.31-1-300x162.jpeg 300w\" sizes=\"(max-width: 353px) 100vw, 353px\" \/>\t\t\t\t\t\t\t\t\t\t\t\t\t<\/div>\n\t\t\t\t<\/div>\n\t\t\t\t<div class=\"elementor-element elementor-element-cbb2e36 elementor-widget elementor-widget-image\" data-id=\"cbb2e36\" data-element_type=\"widget\" data-widget_type=\"image.default\">\n\t\t\t\t<div class=\"elementor-widget-container\">\n\t\t\t\t\t\t\t\t\t\t\t\t\t<img loading=\"lazy\" decoding=\"async\" width=\"200\" height=\"200\" src=\"https:\/\/robledoabog.com\/wp-content\/uploads\/2024\/09\/WhatsApp-Image-2024-08-22-at-20.56.31-2.jpeg\" class=\"attachment-large size-large wp-image-1105\" alt=\"\" srcset=\"https:\/\/robledoabog.com\/wp-content\/uploads\/2024\/09\/WhatsApp-Image-2024-08-22-at-20.56.31-2.jpeg 200w, https:\/\/robledoabog.com\/wp-content\/uploads\/2024\/09\/WhatsApp-Image-2024-08-22-at-20.56.31-2-150x150.jpeg 150w\" sizes=\"(max-width: 200px) 100vw, 200px\" \/>\t\t\t\t\t\t\t\t\t\t\t\t\t<\/div>\n\t\t\t\t<\/div>\n\t\t\t\t<div class=\"elementor-element elementor-element-dcc8870 elementor-widget elementor-widget-image\" data-id=\"dcc8870\" data-element_type=\"widget\" data-widget_type=\"image.default\">\n\t\t\t\t<div class=\"elementor-widget-container\">\n\t\t\t\t\t\t\t\t\t\t\t\t\t<img loading=\"lazy\" decoding=\"async\" width=\"200\" height=\"252\" src=\"https:\/\/robledoabog.com\/wp-content\/uploads\/2024\/09\/WhatsApp-Image-2024-08-22-at-20.56.11-copia.jpeg\" class=\"attachment-large size-large wp-image-1119\" alt=\"\" \/>\t\t\t\t\t\t\t\t\t\t\t\t\t<\/div>\n\t\t\t\t<\/div>\n\t\t\t\t<\/div>\n\t\t<div class=\"elementor-element elementor-element-da4a5ec e-grid e-con-full e-con e-child\" data-id=\"da4a5ec\" data-element_type=\"container\">\n\t\t\t\t<div class=\"elementor-element elementor-element-0fc0908 elementor-widget elementor-widget-image\" data-id=\"0fc0908\" data-element_type=\"widget\" data-widget_type=\"image.default\">\n\t\t\t\t<div class=\"elementor-widget-container\">\n\t\t\t\t\t\t\t\t\t\t\t\t\t<img loading=\"lazy\" decoding=\"async\" width=\"320\" height=\"320\" src=\"https:\/\/robledoabog.com\/wp-content\/uploads\/2024\/09\/WhatsApp-Image-2024-08-22-at-20.56.12-copia.jpeg\" class=\"attachment-large size-large wp-image-1118\" alt=\"\" srcset=\"https:\/\/robledoabog.com\/wp-content\/uploads\/2024\/09\/WhatsApp-Image-2024-08-22-at-20.56.12-copia.jpeg 320w, https:\/\/robledoabog.com\/wp-content\/uploads\/2024\/09\/WhatsApp-Image-2024-08-22-at-20.56.12-copia-300x300.jpeg 300w, https:\/\/robledoabog.com\/wp-content\/uploads\/2024\/09\/WhatsApp-Image-2024-08-22-at-20.56.12-copia-150x150.jpeg 150w\" sizes=\"(max-width: 320px) 100vw, 320px\" \/>\t\t\t\t\t\t\t\t\t\t\t\t\t<\/div>\n\t\t\t\t<\/div>\n\t\t\t\t<div class=\"elementor-element elementor-element-398921d elementor-widget elementor-widget-image\" data-id=\"398921d\" data-element_type=\"widget\" data-widget_type=\"image.default\">\n\t\t\t\t<div class=\"elementor-widget-container\">\n\t\t\t\t\t\t\t\t\t\t\t\t\t<img loading=\"lazy\" decoding=\"async\" width=\"315\" height=\"357\" src=\"https:\/\/robledoabog.com\/wp-content\/uploads\/2024\/09\/WhatsApp-Image-2024-08-22-at-20.56.14-copia.jpeg\" class=\"attachment-large size-large wp-image-1117\" alt=\"\" srcset=\"https:\/\/robledoabog.com\/wp-content\/uploads\/2024\/09\/WhatsApp-Image-2024-08-22-at-20.56.14-copia.jpeg 315w, https:\/\/robledoabog.com\/wp-content\/uploads\/2024\/09\/WhatsApp-Image-2024-08-22-at-20.56.14-copia-265x300.jpeg 265w\" sizes=\"(max-width: 315px) 100vw, 315px\" \/>\t\t\t\t\t\t\t\t\t\t\t\t\t<\/div>\n\t\t\t\t<\/div>\n\t\t\t\t<div class=\"elementor-element elementor-element-edd3d1b elementor-widget elementor-widget-image\" data-id=\"edd3d1b\" data-element_type=\"widget\" data-widget_type=\"image.default\">\n\t\t\t\t<div class=\"elementor-widget-container\">\n\t\t\t\t\t\t\t\t\t\t\t\t\t<img loading=\"lazy\" decoding=\"async\" width=\"750\" height=\"750\" src=\"https:\/\/robledoabog.com\/wp-content\/uploads\/2024\/09\/WhatsApp-Image-2024-08-22-at-20.56.24-copia.jpeg\" class=\"attachment-large size-large wp-image-1115\" alt=\"\" srcset=\"https:\/\/robledoabog.com\/wp-content\/uploads\/2024\/09\/WhatsApp-Image-2024-08-22-at-20.56.24-copia.jpeg 900w, https:\/\/robledoabog.com\/wp-content\/uploads\/2024\/09\/WhatsApp-Image-2024-08-22-at-20.56.24-copia-300x300.jpeg 300w, https:\/\/robledoabog.com\/wp-content\/uploads\/2024\/09\/WhatsApp-Image-2024-08-22-at-20.56.24-copia-150x150.jpeg 150w, https:\/\/robledoabog.com\/wp-content\/uploads\/2024\/09\/WhatsApp-Image-2024-08-22-at-20.56.24-copia-768x768.jpeg 768w\" sizes=\"(max-width: 750px) 100vw, 750px\" \/>\t\t\t\t\t\t\t\t\t\t\t\t\t<\/div>\n\t\t\t\t<\/div>\n\t\t\t\t<div class=\"elementor-element elementor-element-9ebf409 elementor-widget elementor-widget-image\" data-id=\"9ebf409\" data-element_type=\"widget\" data-widget_type=\"image.default\">\n\t\t\t\t<div class=\"elementor-widget-container\">\n\t\t\t\t\t\t\t\t\t\t\t\t\t<img loading=\"lazy\" decoding=\"async\" width=\"250\" height=\"250\" src=\"https:\/\/robledoabog.com\/wp-content\/uploads\/2024\/09\/WhatsApp-Image-2024-08-22-at-20.56.24-2.jpeg\" class=\"attachment-large size-large wp-image-1109\" alt=\"\" srcset=\"https:\/\/robledoabog.com\/wp-content\/uploads\/2024\/09\/WhatsApp-Image-2024-08-22-at-20.56.24-2.jpeg 250w, https:\/\/robledoabog.com\/wp-content\/uploads\/2024\/09\/WhatsApp-Image-2024-08-22-at-20.56.24-2-150x150.jpeg 150w\" sizes=\"(max-width: 250px) 100vw, 250px\" \/>\t\t\t\t\t\t\t\t\t\t\t\t\t<\/div>\n\t\t\t\t<\/div>\n\t\t\t\t<div class=\"elementor-element elementor-element-d33c0d4 elementor-widget elementor-widget-image\" data-id=\"d33c0d4\" data-element_type=\"widget\" data-widget_type=\"image.default\">\n\t\t\t\t<div class=\"elementor-widget-container\">\n\t\t\t\t\t\t\t\t\t\t\t\t\t<img loading=\"lazy\" decoding=\"async\" width=\"567\" height=\"171\" src=\"https:\/\/robledoabog.com\/wp-content\/uploads\/2024\/09\/WhatsApp-Image-2024-08-22-at-20.56.26.jpeg\" class=\"attachment-large size-large wp-image-1108\" alt=\"\" srcset=\"https:\/\/robledoabog.com\/wp-content\/uploads\/2024\/09\/WhatsApp-Image-2024-08-22-at-20.56.26.jpeg 567w, https:\/\/robledoabog.com\/wp-content\/uploads\/2024\/09\/WhatsApp-Image-2024-08-22-at-20.56.26-300x90.jpeg 300w\" sizes=\"(max-width: 567px) 100vw, 567px\" \/>\t\t\t\t\t\t\t\t\t\t\t\t\t<\/div>\n\t\t\t\t<\/div>\n\t\t\t\t<div class=\"elementor-element elementor-element-f126ea3 elementor-widget elementor-widget-image\" data-id=\"f126ea3\" data-element_type=\"widget\" data-widget_type=\"image.default\">\n\t\t\t\t<div class=\"elementor-widget-container\">\n\t\t\t\t\t\t\t\t\t\t\t\t\t<img loading=\"lazy\" decoding=\"async\" width=\"225\" height=\"225\" src=\"https:\/\/robledoabog.com\/wp-content\/uploads\/2024\/09\/WhatsApp-Image-2024-08-22-at-20.56.24-1.jpeg\" class=\"attachment-large size-large wp-image-1110\" alt=\"\" srcset=\"https:\/\/robledoabog.com\/wp-content\/uploads\/2024\/09\/WhatsApp-Image-2024-08-22-at-20.56.24-1.jpeg 225w, https:\/\/robledoabog.com\/wp-content\/uploads\/2024\/09\/WhatsApp-Image-2024-08-22-at-20.56.24-1-150x150.jpeg 150w\" sizes=\"(max-width: 225px) 100vw, 225px\" \/>\t\t\t\t\t\t\t\t\t\t\t\t\t<\/div>\n\t\t\t\t<\/div>\n\t\t\t\t<div class=\"elementor-element elementor-element-467cd83 elementor-widget elementor-widget-image\" data-id=\"467cd83\" data-element_type=\"widget\" data-widget_type=\"image.default\">\n\t\t\t\t<div class=\"elementor-widget-container\">\n\t\t\t\t\t\t\t\t\t\t\t\t\t<img loading=\"lazy\" decoding=\"async\" width=\"225\" height=\"225\" src=\"https:\/\/robledoabog.com\/wp-content\/uploads\/2024\/09\/WhatsApp-Image-2024-08-22-at-20.56.16.jpeg\" class=\"attachment-large size-large wp-image-1112\" alt=\"\" srcset=\"https:\/\/robledoabog.com\/wp-content\/uploads\/2024\/09\/WhatsApp-Image-2024-08-22-at-20.56.16.jpeg 225w, https:\/\/robledoabog.com\/wp-content\/uploads\/2024\/09\/WhatsApp-Image-2024-08-22-at-20.56.16-150x150.jpeg 150w\" sizes=\"(max-width: 225px) 100vw, 225px\" \/>\t\t\t\t\t\t\t\t\t\t\t\t\t<\/div>\n\t\t\t\t<\/div>\n\t\t\t\t<\/div>\n\t\t\t\t\t<\/div>\n\t\t\t\t<\/div>\n\t\t\t\t<\/div>\n\t\t","protected":false},"excerpt":{"rendered":"<p>Profesionales con 24 a\u00f1os en el ejercicio de la profesi\u00f3n en el sector p\u00fablico y privado. En los \u00faltimos 6 a\u00f1os prestando asesoramiento legal en el Sector Minero. LUIS ARMANDO ROBLEDO \u00a0 \u00a0 \u00a0 \u00a0 \u00a0 \u00a0 \u00a0 \u00a0 \u00a0 \u00a0 \u00a0 \u00a0 \u00a0ABOGADO \u00a0Egresado de la Universidad Nacional de [&hellip;]<\/p>\n","protected":false},"author":1,"featured_media":0,"parent":0,"menu_order":0,"comment_status":"closed","ping_status":"closed","template":"","meta":{"_monsterinsights_skip_tracking":false,"_monsterinsights_sitenote_active":false,"_monsterinsights_sitenote_note":"","_monsterinsights_sitenote_category":0,"footnotes":""},"class_list":["post-164","page","type-page","status-publish","hentry"],"aioseo_notices":[],"_links":{"self":[{"href":"https:\/\/robledoabog.com\/index.php?rest_route=\/wp\/v2\/pages\/164"}],"collection":[{"href":"https:\/\/robledoabog.com\/index.php?rest_route=\/wp\/v2\/pages"}],"about":[{"href":"https:\/\/robledoabog.com\/index.php?rest_route=\/wp\/v2\/types\/page"}],"author":[{"embeddable":true,"href":"https:\/\/robledoabog.com\/index.php?rest_route=\/wp\/v2\/users\/1"}],"replies":[{"embeddable":true,"href":"https:\/\/robledoabog.com\/index.php?rest_route=%2Fwp%2Fv2%2Fcomments&post=164"}],"version-history":[{"count":67,"href":"https:\/\/robledoabog.com\/index.php?rest_route=\/wp\/v2\/pages\/164\/revisions"}],"predecessor-version":[{"id":1123,"href":"https:\/\/robledoabog.com\/index.php?rest_route=\/wp\/v2\/pages\/164\/revisions\/1123"}],"wp:attachment":[{"href":"https:\/\/robledoabog.com\/index.php?rest_route=%2Fwp%2Fv2%2Fmedia&parent=164"}],"curies":[{"name":"wp","href":"https:\/\/api.w.org\/{rel}","templated":true}]}}